{"id":517,"date":"2021-02-10T13:45:00","date_gmt":"2021-02-10T12:45:00","guid":{"rendered":"http:\/\/lasagessedufou.com\/?page_id=517"},"modified":"2026-03-15T13:46:12","modified_gmt":"2026-03-15T12:46:12","slug":"balade-energetique","status":"publish","type":"page","link":"https:\/\/lasagessedufou.com\/index.php\/balade-energetique\/","title":{"rendered":"Balade chamanique"},"content":{"rendered":"\n<div class=\"wp-block-buttons is-layout-flex wp-block-buttons-is-layout-flex\">\n<div class=\"wp-block-button\"><a class=\"wp-block-button__link wp-element-button\" href=\"#programme\">Programme<\/a><\/div>\n<\/div>\n\n\n\n<figure class=\"wp-block-gallery has-nested-images columns-default is-cropped wp-block-gallery-1 is-layout-flex wp-block-gallery-is-layout-flex\">\n<figure class=\"wp-block-image size-large\"><img loading=\"lazy\" decoding=\"async\" width=\"1024\" height=\"768\" data-id=\"528\" src=\"https:\/\/lasagessedufou.com\/wp-content\/uploads\/2021\/02\/20210204_154502-1024x768.jpg\" alt=\"\" class=\"wp-image-528\" srcset=\"https:\/\/lasagessedufou.com\/wp-content\/uploads\/2021\/02\/20210204_154502-1024x768.jpg 1024w, https:\/\/lasagessedufou.com\/wp-content\/uploads\/2021\/02\/20210204_154502-300x225.jpg 300w, https:\/\/lasagessedufou.com\/wp-content\/uploads\/2021\/02\/20210204_154502-768x576.jpg 768w, https:\/\/lasagessedufou.com\/wp-content\/uploads\/2021\/02\/20210204_154502-1536x1152.jpg 1536w, https:\/\/lasagessedufou.com\/wp-content\/uploads\/2021\/02\/20210204_154502-2048x1536.jpg 2048w\" sizes=\"auto, (max-width: 1024px) 100vw, 1024px\" \/><\/figure>\n\n\n\n<figure class=\"wp-block-image size-large\"><img loading=\"lazy\" decoding=\"async\" width=\"768\" height=\"1024\" data-id=\"527\" src=\"https:\/\/lasagessedufou.com\/wp-content\/uploads\/2021\/02\/20210204_152833-768x1024.jpg\" alt=\"\" class=\"wp-image-527\" srcset=\"https:\/\/lasagessedufou.com\/wp-content\/uploads\/2021\/02\/20210204_152833-768x1024.jpg 768w, https:\/\/lasagessedufou.com\/wp-content\/uploads\/2021\/02\/20210204_152833-225x300.jpg 225w, https:\/\/lasagessedufou.com\/wp-content\/uploads\/2021\/02\/20210204_152833-1152x1536.jpg 1152w, https:\/\/lasagessedufou.com\/wp-content\/uploads\/2021\/02\/20210204_152833-1536x2048.jpg 1536w, https:\/\/lasagessedufou.com\/wp-content\/uploads\/2021\/02\/20210204_152833-scaled.jpg 1920w\" sizes=\"auto, (max-width: 768px) 100vw, 768px\" \/><\/figure>\n\n\n\n<figure class=\"wp-block-image size-large\"><img loading=\"lazy\" decoding=\"async\" width=\"1024\" height=\"768\" data-id=\"534\" src=\"https:\/\/lasagessedufou.com\/wp-content\/uploads\/2021\/02\/20190916_142625-1024x768.jpg\" alt=\"\" class=\"wp-image-534\" srcset=\"https:\/\/lasagessedufou.com\/wp-content\/uploads\/2021\/02\/20190916_142625-1024x768.jpg 1024w, https:\/\/lasagessedufou.com\/wp-content\/uploads\/2021\/02\/20190916_142625-300x225.jpg 300w, https:\/\/lasagessedufou.com\/wp-content\/uploads\/2021\/02\/20190916_142625-768x576.jpg 768w, https:\/\/lasagessedufou.com\/wp-content\/uploads\/2021\/02\/20190916_142625-1536x1152.jpg 1536w, https:\/\/lasagessedufou.com\/wp-content\/uploads\/2021\/02\/20190916_142625-2048x1536.jpg 2048w\" sizes=\"auto, (max-width: 1024px) 100vw, 1024px\" \/><\/figure>\n<\/figure>\n\n\n\n<p class=\"has-text-align-center\"><strong><strong>Se Relier \u00e0 la Nature et \u00e0 son \u00c2me<\/strong><\/strong><\/p>\n\n\n\n<p class=\"has-text-align-center\"><em><strong>\u00ab La terre ne nous appartient pas, c\u2019est nous qui appartenons \u00e0 la terre. \u00bb<\/strong><\/em><\/p>\n\n\n\n<p><strong>Je t\u2019invite \u00e0 vivre une aventure unique<\/strong> : un <strong>voyage int\u00e9rieur<\/strong> \u00e0 travers des lieux charg\u00e9s d\u2019\u00e9nergie vibrante, o\u00f9 la Terre pulse avec intensit\u00e9. Ensemble, nous explorerons des sites sacr\u00e9s, o\u00f9 chaque pas te rapprochera de toi-m\u00eame et de l\u2019essentiel.<\/p>\n\n\n\n<h3 class=\"wp-block-heading\"><strong>\ud83c\udf1f Des Lieux Charg\u00e9s de Myst\u00e8re et d\u2019\u00c9nergie<\/strong><\/h3>\n\n\n\n<p>Ces espaces, souvent envelopp\u00e9s de myst\u00e8re, sont des <strong>portes ouvertes sur une autre dimension de la conscience<\/strong>. Ils nous appellent, \u00e9veillent en nous une curiosit\u00e9 profonde et un d\u00e9sir de reconnexion \u2013 \u00e0 nous-m\u00eames, aux autres, et \u00e0 ce qui nous d\u00e9passe.<\/p>\n\n\n\n<h3 class=\"wp-block-heading\"><strong>\ud83d\udeb6\u200d\u2642\ufe0f Un Parcours en Conscience<\/strong><\/h3>\n\n\n\n<p>Au fil de la journ\u00e9e, nous arpenterons ces <strong>espaces sacr\u00e9s<\/strong>, impr\u00e9gn\u00e9s d\u2019\u00e9nergie cosmo-tellurique. Chaque \u00e9tape sera l\u2019occasion de travailler sur <strong>tes intentions personnelles<\/strong>, celles que tu auras choisies avant notre d\u00e9part.<\/p>\n\n\n\n<p>Je te guiderai avec une approche <strong>\u00e0 la fois chamanique et ancr\u00e9e dans la pleine pr\u00e9sence<\/strong>. Tu apprendras \u00e0 te relier en conscience :<\/p>\n\n\n\n<ul class=\"wp-block-list\">\n<li>\u00c0 la nature, aux arbres, aux pierres.<\/li>\n\n\n\n<li>Aux esprits qui habitent ces lieux.<\/li>\n\n\n\n<li>Et surtout, <strong>\u00e0 ta propre essence<\/strong>.<\/li>\n<\/ul>\n\n\n\n<h3 class=\"wp-block-heading\"><strong>\ud83c\udf31 Des Outils pour T\u2019Accompagner<\/strong><\/h3>\n\n\n\n<p>\u00c0 travers des <strong>exercices de pr\u00e9sence et de m\u00e9ditation<\/strong>, tu cultiveras :<\/p>\n\n\n\n<ul class=\"wp-block-list\">\n<li>L\u2019art d\u2019habiter l\u2019instant.<\/li>\n\n\n\n<li>La capacit\u00e9 \u00e0 te laisser traverser par la <strong>joie<\/strong>, la <strong>d\u00e9tente<\/strong> et l\u2019<strong>oxyg\u00e9nation profonde<\/strong>.<\/li>\n\n\n\n<li>L\u2019opportunit\u00e9 d\u2019\u00e9lever ton <strong>taux vibratoire<\/strong>, d\u2019\u00e9largir ta perception et de <strong>l\u00e2cher prise<\/strong>.<\/li>\n<\/ul>\n\n\n\n<p>Ce chemin initiatique te permettra de <strong>te reconnecter \u00e0 toi-m\u00eame et au monde qui t\u2019entoure<\/strong>.<\/p>\n\n\n\n<h3 class=\"wp-block-heading\"><strong>\ud83c\udf0d Accessible \u00e0 Tous<\/strong><\/h3>\n\n\n\n<p><strong>Aucun pr\u00e9requis<\/strong> n\u2019est n\u00e9cessaire, si ce n\u2019est :<\/p>\n\n\n\n<ul class=\"wp-block-list\">\n<li>L\u2019envie de marcher quelques kilom\u00e8tres.<\/li>\n\n\n\n<li>La curiosit\u00e9 d\u2019accueillir l\u2019inattendu.<\/li>\n<\/ul>\n\n\n\n<p class=\"has-text-align-center\"><strong>Et tout \u00e7a dans la joie et la bonne humeur !<\/strong><\/p>\n\n\n\n<p><strong>\ud83d\udcab Pr\u00eat\u00b7e \u00e0 te laisser guider ?<\/strong> Rejoins-moi pour cette aventure o\u00f9 <strong>la Terre, ton \u00c2me et ta curiosit\u00e9<\/strong> se rencontrent.<\/p>\n\n\n\n<p class=\"has-text-align-center\"><strong>Tarif<\/strong><\/p>\n\n\n\n<p><strong>En groupe (max 12 personnes): <\/strong><\/p>\n\n\n\n<ul class=\"wp-block-list\">\n<li><strong>Journ\u00e9e compl\u00e8te :<\/strong>\n<ul class=\"wp-block-list\">\n<li><strong>80 \u20ac\/pers.<\/strong> (d\u00e8s 4 participants)<\/li>\n\n\n\n<li><strong>70 \u20ac\/pers.<\/strong> (d\u00e8s 6 participants)<\/li>\n\n\n\n<li><strong>60 \u20ac\/pers.<\/strong> (d\u00e8s 8 participants)<\/li>\n\n\n\n<li><strong>50 \u20ac\/pers.<\/strong> (d\u00e8s 10 participants)<\/li>\n<\/ul>\n<\/li>\n\n\n\n<li><strong>Demi-journ\u00e9e :<\/strong>\n<ul class=\"wp-block-list\">\n<li><strong>50 \u20ac\/pers.<\/strong> (pour 4 participants)<\/li>\n\n\n\n<li><strong>40 \u20ac\/pers.<\/strong> (pour 6 participants)<\/li>\n\n\n\n<li><strong>30 \u20ac\/pers.<\/strong> (pour 8 participants)<\/li>\n\n\n\n<li><strong>25 \u20ac\/pers.<\/strong> (pour 10 participants)<\/li>\n<\/ul>\n<\/li>\n<\/ul>\n\n\n\n<p><strong>En individuel (accompagnement personnalis\u00e9) :<\/strong><\/p>\n\n\n\n<ul class=\"wp-block-list\">\n<li><strong>Journ\u00e9e compl\u00e8te : 250 \u20ac<\/strong><\/li>\n<\/ul>\n\n\n\n<p><strong>N&rsquo;h\u00e9site pas \u00e0 cr\u00e9er ton propre groupe <strong>(max. 12 pers.)<\/strong><\/strong><\/p>\n\n\n\n<p><\/p>\n\n\n\n<h3 class=\"wp-block-heading has-text-align-center\" id=\"datvenir\"><strong>\ud83d\udc8c <\/strong>Renseignement et inscription<\/h3>\n\n\n\n<p class=\"has-text-align-center\"> <strong>T\u00e9l belge&nbsp;:<\/strong> 0032471636186 \u2013 <strong>mail&nbsp;: <\/strong><a href=\"mailto:info@lasagessedufou.com\">info@lasagessedufou.com<\/a> <strong>Facebook:<\/strong> <a href=\"https:\/\/www.facebook.com\/lasagessedufou\" target=\"_blank\" rel=\"noreferrer noopener\">La Sagesse du fou<\/a><\/p>\n\n\n\n<figure class=\"wp-block-gallery has-nested-images columns-default is-cropped wp-block-gallery-2 is-layout-flex wp-block-gallery-is-layout-flex\">\n<figure class=\"wp-block-image size-large\"><img loading=\"lazy\" decoding=\"async\" width=\"768\" height=\"1024\" data-id=\"535\" src=\"https:\/\/lasagessedufou.com\/wp-content\/uploads\/2021\/02\/20190916_135333-768x1024.jpg\" alt=\"\" class=\"wp-image-535\" srcset=\"https:\/\/lasagessedufou.com\/wp-content\/uploads\/2021\/02\/20190916_135333-768x1024.jpg 768w, https:\/\/lasagessedufou.com\/wp-content\/uploads\/2021\/02\/20190916_135333-225x300.jpg 225w, https:\/\/lasagessedufou.com\/wp-content\/uploads\/2021\/02\/20190916_135333-1152x1536.jpg 1152w, https:\/\/lasagessedufou.com\/wp-content\/uploads\/2021\/02\/20190916_135333-1536x2048.jpg 1536w, https:\/\/lasagessedufou.com\/wp-content\/uploads\/2021\/02\/20190916_135333-scaled.jpg 1920w\" sizes=\"auto, (max-width: 768px) 100vw, 768px\" \/><\/figure>\n\n\n\n<figure class=\"wp-block-image size-large\"><img loading=\"lazy\" decoding=\"async\" width=\"768\" height=\"1024\" data-id=\"536\" src=\"https:\/\/lasagessedufou.com\/wp-content\/uploads\/2021\/02\/20190918_114803-768x1024.jpg\" alt=\"\" class=\"wp-image-536\" srcset=\"https:\/\/lasagessedufou.com\/wp-content\/uploads\/2021\/02\/20190918_114803-768x1024.jpg 768w, https:\/\/lasagessedufou.com\/wp-content\/uploads\/2021\/02\/20190918_114803-225x300.jpg 225w, https:\/\/lasagessedufou.com\/wp-content\/uploads\/2021\/02\/20190918_114803-1152x1536.jpg 1152w, https:\/\/lasagessedufou.com\/wp-content\/uploads\/2021\/02\/20190918_114803-1536x2048.jpg 1536w, https:\/\/lasagessedufou.com\/wp-content\/uploads\/2021\/02\/20190918_114803-scaled.jpg 1920w\" sizes=\"auto, (max-width: 768px) 100vw, 768px\" \/><\/figure>\n\n\n\n<figure class=\"wp-block-image size-large\"><img loading=\"lazy\" decoding=\"async\" width=\"768\" height=\"1024\" data-id=\"537\" src=\"https:\/\/lasagessedufou.com\/wp-content\/uploads\/2021\/02\/20190916_152625-768x1024.jpg\" alt=\"\" class=\"wp-image-537\" srcset=\"https:\/\/lasagessedufou.com\/wp-content\/uploads\/2021\/02\/20190916_152625-768x1024.jpg 768w, https:\/\/lasagessedufou.com\/wp-content\/uploads\/2021\/02\/20190916_152625-225x300.jpg 225w, https:\/\/lasagessedufou.com\/wp-content\/uploads\/2021\/02\/20190916_152625-1152x1536.jpg 1152w, https:\/\/lasagessedufou.com\/wp-content\/uploads\/2021\/02\/20190916_152625-1536x2048.jpg 1536w, https:\/\/lasagessedufou.com\/wp-content\/uploads\/2021\/02\/20190916_152625-scaled.jpg 1920w\" sizes=\"auto, (max-width: 768px) 100vw, 768px\" \/><\/figure>\n\n\n\n<figure class=\"wp-block-image size-large\"><img loading=\"lazy\" decoding=\"async\" width=\"768\" height=\"1024\" data-id=\"541\" src=\"https:\/\/lasagessedufou.com\/wp-content\/uploads\/2021\/02\/20201004_144411-1-768x1024.jpg\" alt=\"\" class=\"wp-image-541\" srcset=\"https:\/\/lasagessedufou.com\/wp-content\/uploads\/2021\/02\/20201004_144411-1-768x1024.jpg 768w, https:\/\/lasagessedufou.com\/wp-content\/uploads\/2021\/02\/20201004_144411-1-225x300.jpg 225w, https:\/\/lasagessedufou.com\/wp-content\/uploads\/2021\/02\/20201004_144411-1-1152x1536.jpg 1152w, https:\/\/lasagessedufou.com\/wp-content\/uploads\/2021\/02\/20201004_144411-1-1536x2048.jpg 1536w, https:\/\/lasagessedufou.com\/wp-content\/uploads\/2021\/02\/20201004_144411-1-scaled.jpg 1920w\" sizes=\"auto, (max-width: 768px) 100vw, 768px\" \/><\/figure>\n\n\n\n<figure class=\"wp-block-image size-large\"><img loading=\"lazy\" decoding=\"async\" width=\"1024\" height=\"768\" data-id=\"542\" src=\"https:\/\/lasagessedufou.com\/wp-content\/uploads\/2021\/02\/20201004_153801-1024x768.jpg\" alt=\"\" class=\"wp-image-542\" srcset=\"https:\/\/lasagessedufou.com\/wp-content\/uploads\/2021\/02\/20201004_153801-1024x768.jpg 1024w, https:\/\/lasagessedufou.com\/wp-content\/uploads\/2021\/02\/20201004_153801-300x225.jpg 300w, https:\/\/lasagessedufou.com\/wp-content\/uploads\/2021\/02\/20201004_153801-768x576.jpg 768w, https:\/\/lasagessedufou.com\/wp-content\/uploads\/2021\/02\/20201004_153801-1536x1152.jpg 1536w, https:\/\/lasagessedufou.com\/wp-content\/uploads\/2021\/02\/20201004_153801-2048x1536.jpg 2048w\" sizes=\"auto, (max-width: 1024px) 100vw, 1024px\" \/><\/figure>\n\n\n\n<figure class=\"wp-block-image size-large\"><img loading=\"lazy\" decoding=\"async\" width=\"768\" height=\"1024\" data-id=\"544\" src=\"https:\/\/lasagessedufou.com\/wp-content\/uploads\/2021\/02\/20201014_163525-768x1024.jpg\" alt=\"\" class=\"wp-image-544\" srcset=\"https:\/\/lasagessedufou.com\/wp-content\/uploads\/2021\/02\/20201014_163525-768x1024.jpg 768w, https:\/\/lasagessedufou.com\/wp-content\/uploads\/2021\/02\/20201014_163525-225x300.jpg 225w, https:\/\/lasagessedufou.com\/wp-content\/uploads\/2021\/02\/20201014_163525-1152x1536.jpg 1152w, https:\/\/lasagessedufou.com\/wp-content\/uploads\/2021\/02\/20201014_163525-1536x2048.jpg 1536w, https:\/\/lasagessedufou.com\/wp-content\/uploads\/2021\/02\/20201014_163525-scaled.jpg 1920w\" sizes=\"auto, (max-width: 768px) 100vw, 768px\" \/><\/figure>\n<\/figure>\n\n\n\n<div class=\"wp-block-buttons is-layout-flex wp-block-buttons-is-layout-flex\"><\/div>\n\n\n\n<h2 class=\"wp-block-heading has-text-align-center\" id=\"programme\">Dates \u00e0 venir<\/h2>\n\n\n\n<h2 class=\"wp-block-heading has-text-align-center\"><strong>\ud83c\udf3fConscience de soi et pratique chamanique en for\u00eat de <strong>\ud83c\udf3f<\/strong>Fontainebleau<\/strong><\/h2>\n\n\n\n<hr class=\"wp-block-separator has-alpha-channel-opacity\"\/>\n\n\n\n<p><strong>\ud83c\udf3f\u2728 La For\u00eat de Fontainebleau vous murmure\u2026<\/strong> <em>\u00c9coutez-vous ?<\/em><\/p>\n\n\n<div class=\"wp-block-image\">\n<figure class=\"alignleft size-large is-resized\"><img loading=\"lazy\" decoding=\"async\" width=\"576\" height=\"1024\" src=\"https:\/\/lasagessedufou.com\/wp-content\/uploads\/2026\/01\/IMG_20260121_125825809_MP-576x1024.jpg\" alt=\"\" class=\"wp-image-1032\" style=\"aspect-ratio:0.5625000202430877;width:276px;height:auto\" srcset=\"https:\/\/lasagessedufou.com\/wp-content\/uploads\/2026\/01\/IMG_20260121_125825809_MP-576x1024.jpg 576w, https:\/\/lasagessedufou.com\/wp-content\/uploads\/2026\/01\/IMG_20260121_125825809_MP-169x300.jpg 169w, https:\/\/lasagessedufou.com\/wp-content\/uploads\/2026\/01\/IMG_20260121_125825809_MP-768x1366.jpg 768w, https:\/\/lasagessedufou.com\/wp-content\/uploads\/2026\/01\/IMG_20260121_125825809_MP-864x1536.jpg 864w, https:\/\/lasagessedufou.com\/wp-content\/uploads\/2026\/01\/IMG_20260121_125825809_MP-1152x2048.jpg 1152w, https:\/\/lasagessedufou.com\/wp-content\/uploads\/2026\/01\/IMG_20260121_125825809_MP.jpg 1280w\" sizes=\"auto, (max-width: 576px) 100vw, 576px\" \/><\/figure>\n<\/div>\n\n\n<p><\/p>\n\n\n\n<p>Au c\u0153ur des ch\u00eanes centenaires et des rochers sculpt\u00e9s par le temps, la for\u00eat n\u2019est pas seulement un lieu, mais un miroir. Un miroir de votre \u00e2me, de votre force sauvage, de cette conscience qui danse avec le Vivant.<\/p>\n\n\n\n<p><strong>\ud83c\udf33 Venez vivre une apr\u00e8s-midi chamanique<\/strong> o\u00f9 chaque pas sur la mousse, chaque souffle de vent dans les branches, devient une invitation \u00e0 vous <em>reconna\u00eetre<\/em> : non pas comme un visiteur, mais comme une partie int\u00e9grante de ce grand myst\u00e8re qu\u2019est la Vie.<\/p>\n\n\n\n<p><strong>\ud83d\udd2e Ce que nous explorerons ensemble :<\/strong><\/p>\n\n\n\n<ul class=\"wp-block-list\">\n<li><strong>L\u2019art de voir<\/strong> : percevoir la for\u00eat comme un \u00eatre vivant, un guide,                                                                                                                                                                                                                                                                         un alli\u00e9.<\/li>\n\n\n\n<li><strong>Les portes de perception<\/strong> : rituels simples et puissants pour \u00e9veiller votre intuition et votre connexion au sacr\u00e9.<\/li>\n\n\n\n<li><strong>Le langage des pierres et des arbres<\/strong> : \u00e9couter leurs messages, leurs enseignements, leurs b\u00e9n\u00e9dictions.<\/li>\n<\/ul>\n\n\n\n<p class=\"has-text-align-center\"><strong>\ud83d\udcc5 Prochaine date :<\/strong> <\/p>\n\n\n\n<p class=\"has-text-align-center\"><br><strong>Th\u00e8me: \u00catre Vivant<\/strong><\/p>\n\n\n\n<p>Samedi 11 f\u00e9vrier de 13h \u00e0 (+\/-17h)<strong>\ud83d\udccd Lieu :<\/strong> For\u00eat de Fontainebleau (point de rendez-vous communiqu\u00e9 \u00e0 l\u2019inscription)<strong>\ud83d\udcab Tarif :<\/strong> 40\u20ac souhait\u00e9.<\/p>\n\n\n\n<p><strong>\ud83d\udc8c R\u00e9servations et questions :<\/strong> t\u00e9l belge&nbsp;: 0032471636186 \u2013 mail&nbsp;: <a href=\"mailto:info@lasagessedufou.com\">info@lasagessedufou.com<\/a><\/p>\n\n\n\n<p class=\"has-text-align-center\"><em><strong>\u00ab La terre ne nous appartient pas, c\u2019est nous qui appartenons \u00e0 la terre. \u00bb<\/strong><\/em><\/p>\n\n\n\n<p class=\"has-text-align-center\" id=\"baladedates\"><strong>N&rsquo;h\u00e9site pas \u00e0 cr\u00e9e ton propre groupe.<\/strong><\/p>\n","protected":false},"excerpt":{"rendered":"<p>Se Relier \u00e0 la Nature et \u00e0 son \u00c2me \u00ab La terre ne nous appartient pas, c\u2019est nous qui appartenons \u00e0 la terre. \u00bb Je t\u2019invite \u00e0 vivre une aventure unique : un voyage int\u00e9rieur \u00e0 travers des lieux charg\u00e9s d\u2019\u00e9nergie vibrante, o\u00f9 la Terre pulse avec intensit\u00e9. Ensemble, nous explorerons des sites sacr\u00e9s, o\u00f9 [&hellip;]<\/p>\n","protected":false},"author":1,"featured_media":0,"parent":0,"menu_order":0,"comment_status":"closed","ping_status":"closed","template":"","meta":{"footnotes":""},"class_list":["post-517","page","type-page","status-publish","hentry"],"_links":{"self":[{"href":"https:\/\/lasagessedufou.com\/index.php\/wp-json\/wp\/v2\/pages\/517","targetHints":{"allow":["GET"]}}],"collection":[{"href":"https:\/\/lasagessedufou.com\/index.php\/wp-json\/wp\/v2\/pages"}],"about":[{"href":"https:\/\/lasagessedufou.com\/index.php\/wp-json\/wp\/v2\/types\/page"}],"author":[{"embeddable":true,"href":"https:\/\/lasagessedufou.com\/index.php\/wp-json\/wp\/v2\/users\/1"}],"replies":[{"embeddable":true,"href":"https:\/\/lasagessedufou.com\/index.php\/wp-json\/wp\/v2\/comments?post=517"}],"version-history":[{"count":37,"href":"https:\/\/lasagessedufou.com\/index.php\/wp-json\/wp\/v2\/pages\/517\/revisions"}],"predecessor-version":[{"id":1107,"href":"https:\/\/lasagessedufou.com\/index.php\/wp-json\/wp\/v2\/pages\/517\/revisions\/1107"}],"wp:attachment":[{"href":"https:\/\/lasagessedufou.com\/index.php\/wp-json\/wp\/v2\/media?parent=517"}],"curies":[{"name":"wp","href":"https:\/\/api.w.org\/{rel}","templated":true}]}}